est common factor of 78 and a?
39
Let k be -1*(-3 + 5) + 7*2. Let c(m) = -m - 16. Let s be c(-16). Suppose -w = -s*w - k. What is the greatest common factor of w and 4?
4
Let f = -3336 - -3771. Calculate the highest common factor of f and 2465.
145
Suppose -5*n + 3*n + 70 = 0. Let c = -23 + n. Suppose -113 = -w + 19. What is the greatest common divisor of w and c?
12
Let g = -4343 + 4505. Suppose -3*x + 240 = 69. Suppose c = -x + g. Calculate the greatest common divisor of c and 15.
15
Suppose -22*j = -5*j - 34. Suppose 10 - 2 = 2*a - 3*q, 0 = 3*a + j*q - 12. Let t be (2/5)/(3/240). What is the greatest common divisor of t and a?
4
Let m(l) = 15*l - 21. Let h be m(2). Suppose 0 = -h*o - 2*o. Suppose o = 2*b + 2*z - 16, 6*z = -5*b + 2*z + 35. What is the greatest common divisor of 9 and b?
3
Let x be (-17*3)/(-2 - (-4)/8). Suppose 0 = -k + 3 - 7, -c + 3 = 3*k. Let j = 32 - c. Calculate the highest common factor of j and x.
17
Let r be (2 + -6)/(-3 - (-38)/14). Suppose -9*p + r*p + 240 = 0. Let d = p + 72. Calculate the greatest common factor of 168 and d.
24
Let v = 3137 - 2713. What is the highest common factor of v and 371?
53
Let i = -54 + 256. Suppose -1337 + i = -5*r. Suppose 5*p - r = 148. Calculate the greatest common factor of 25 and p.
25
Let h = -4385 - -7085. Suppose 21*l - h = 3*l. Calculate the highest common factor of 20 and l.
10
Let g(x) = -x**2 - 20*x + 687. Let n be g(16). Calculate the highest common factor of n and 9176.
37
Let u = 16666 + -9726. What is the greatest common factor of 60 and u?
20
Let d(h) = 3*h - 44. Let n be d(18). Suppose -n*g = -3*g - 637. Suppose 87*t - g*t = -480. Calculate the highest common divisor of 40 and t.
40
Let t be (3 - 3)/5 - (1 - 0). Let z(k) = -11*k**3 - 2*k**2 + k + 2. Let f be z(t). Let r = 31 - 30. Calculate the highest common factor of r and f.
1
Suppose w = -2*w - 9. Let p be 96 - (4 - (-12)/w). Suppose 0 = -5*y + p + 114. Calculate the highest common factor of 6 and y.
6
Let c = 31 + 5. Let m(g) = -279*g + 62. Let f be m(1). Let i = f + 244. What is the highest common divisor of c and i?
9
Let u = 220 - 300. Let d be (-8)/u*15*4/3. What is the highest common factor of d and 50?
2
Let f(m) = -28*m + 4. Let l(o) = 0*o**2 - 3*o - 2 - 3*o + 0*o**2 + o**2. Let i be l(6). Let q be f(i). What is the highest common divisor of q and 60?
60
Suppose 7845 = 4*s - 3*w, -973 + 2937 = s + 2*w. Calculate the highest common divisor of 36 and s.
18
Suppose -8*u = -44 - 4. Let w be (-72)/(12 - 6)*(-2)/u. Suppose 4*c + 6 = v + 1, 0 = 5*v + w*c - 1. What is the highest common divisor of v and 4?
1
Let m be ((-3)/(-2) - 2)/((-3)/(-6)). Let x(t) be the first derivative of -217*t**2/2 - 9*t + 6. Let z be x(m). What is the highest common factor of z and 13?
13
Let p(t) = -66*t + 1402. Let u be p(20). Calculate the greatest common factor of u and 1681.
41
Let j(m) = m**3 + 9*m**2 - 24*m + 11. Let t be j(-11). Let h(s) = 66*s**2. Let y be h(-1). What is the highest common divisor of y and t?
33
Suppose -2410*w + 2322*w + 913440 = 0. Calculate the highest common factor of 480 and w.
60
Let q be (33/(-22))/(2/8). Let v be (5 - 0) + (-1 - q). What is the greatest common factor of v and 115?
5
Suppose 0 = -10*s + 9*s + 180. Let y be s/63 - (-1)/7. Suppose -5*x = y*v - 187, -x - 49 = -0*v - v. Calculate the greatest common divisor of 27 and v.
27
Suppose -2*z - 15 = z, -4*p - 6 = 2*z. Let u = -437 - -440. What is the greatest common divisor of p and u?
1
Let o = 5189 - 4513. What is the greatest common factor of 28 and o?
4
Suppose 0 = -1186*g + 1166*g + 11040. What is the greatest common factor of g and 56?
8
Let l(q) = q**2 + 72*q. Let c be l(-74). What is the greatest common factor of c and 4?
4
Suppose 5*n + 350 = 4*a + 3*n, 3*a - 290 = -4*n. What is the highest common divisor of a and 2280?
30
Let k = 8789 + -8777. Calculate the greatest common factor of 213 and k.
3
Suppose -6*y - 432 = -22*y. Calculate the greatest common divisor of y and 153.
9
Let j be (-3)/(-4) - (-206)/(-8). Let n = 34 + j. Let o be 33 + (-5)/(n - 4). What is the greatest common factor of o and 80?
16
Let z be (37/(-7) - -1)/((-32)/2688). Suppose 14*f = -f + z. What is the highest common factor of 54 and f?
6
Let j(d) = -2*d**2 + 99*d - 271. Let z be j(46). Calculate the greatest common factor of z and 93.
3
Let q be 23 + -2*(-6)/4. Suppose 228 = q*k - 84. Calculate the highest common divisor of 1 and k.
1
Let v = -252 + 306. Let d be 2380/18 + (-12)/v. Calculate the greatest common divisor of 24 and d.
12
Let o = -67 - -115. Suppose -5*m + 563 = 4*n + 479, 0 = -5*m - 7*n + 87. What is the greatest common factor of m and o?
16
Let z(y) be the second derivative of -7*y**3/6 - 36*y**2 - 13*y. Suppose -1 = -2*m - 29. Let d be z(m). Calculate the highest common factor of 208 and d.
26
Let y be (15/2*(-42)/30)/((-12)/40). Suppose -107 - 243 = -2*f. What is the highest common factor of f and y?
35
Let m(a) = -8*a + 195. Let r be m(-7). Suppose r + 517 = 6*n. Calculate the greatest common factor of n and 8.
8
Suppose 8*g = -2*g + 2830. Let m = 381 - g. Calculate the highest common divisor of 84 and m.
14
Suppose 10*z - 12*z + 62 = 0. Suppose 43*k - 648 = z*k. Calculate the highest common divisor of 36 and k.
18
Suppose -2*f + 5*f = -c + 35343, -2*f = -2*c + 70678. Suppose 0 = -17*p + c - 11489. Calculate the highest common divisor of p and 61.
61
Let z = 415 + -388. Suppose 40*k - 247 = z*k. What is the greatest common divisor of k and 893?
19
Let l(h) = 541*h**2 + 2*h + 1. Let b be l(-1). Suppose 9*t = 5*t + b. Let m be 31/(186/324)*(-6)/(-12). Calculate the highest common factor of t and m.
27
Let f = 151 - 147. Suppose 3*a - 7*a + 424 = y, 0 = -y + f. Calculate the highest common factor of a and 252.
21
Let r(m) = -8*m + 122. Let b be r(11). Suppose -2*l + 202 = 3*w - b, 2*l + w = 240. Let z = 20 - 9. What is the greatest common factor of l and z?
11
Let m(s) = -47*s. Let p be m(1). Let y be (-216)/1188 + (-1752)/44. Let x = y - p. What is the greatest common factor of x and 63?
7
Let q(a) = -148*a + 2462. Let g be q(15). Calculate the highest common divisor of 7502 and g.
242
Suppose -604*k - 3094 = -16986. Let f(j) = -j**2 + 46. Let p be f(0). What is the greatest common factor of k and p?
23
Let c = 1012 - 471. Let p = -539 + c. Calculate the highest common divisor of 58 and p.
2
Let l(d) = -28*d - 14. Let y be ((-12)/(-10))/((-12)/(-60)). Let q be 3 - (3 - (2 - y)). Let n be l(q). Calculate the highest common divisor of 14 and n.
14
Suppose -5*q = -5, p - 62 = 2*q + 16. Let l be (-21)/(-14) - (-154)/4. Suppose 19*z = 15*z + l. What is the greatest common divisor of p and z?
10
Let w = -4453 - -4508. Calculate the greatest common factor of 2585 and w.
55
Let a = -12804 - -22109. Calculate the highest common divisor of a and 10.
5
Let v = 515 - 485. Let a be (v/4 + 11)/((-2)/(-4)). What is the greatest common divisor of 481 and a?
37
Let b be 9/(-6) + 211*(-10)/(-4). Let d = -356 + b. What is the highest common divisor of 10 and d?
10
Let d = 59 - 37. Let v(b) = -22*b**2 - 10*b + 22. Let z be v(4). Let o = z + 392. What is the highest common divisor of d and o?
22
Let p = 271 - 131. Suppose 133*g + 1074 = 139*g. Suppose -2*s = -3*h - 55, -5*s + 4*h - 24 + g = 0. Calculate the highest common factor of s and p.
35
Suppose -155*i + 18678 - 3990 = -2*i. Calculate the highest common factor of 840 and i.
24
Suppose 0 = -u + 4, 4*q + 4*u - 640 = -492. Calculate the greatest common factor of 935 and q.
11
Let k be (-1 + 4)*(-17)/(-3). Let h(s) = -29*s - 1689. Let v be h(-60). What is the highest common factor of v and k?
17
Suppose 6 = 2*s, 0 = -5*x - s + 4*s + 1416. What is the highest common divisor of x and 30?
15
Let j be (-8)/28 + 12*(-1)/7. Let r be ((-3)/j)/(16/160). What is the greatest common factor of 80 and r?
5
Let y(h) = 5*h + 87. Let z = -334 - -320. Let v be y(z). What is the greatest common factor of 119 and v?
17
Let v(c) = 7*c**2 - 3*c + 1. Let i be v(3). Suppose -5*h + 3*w = -2 - 55, -2*h + 6 = -4*w. What is the highest common factor of i and h?
5
Let v be 70/6 + 9/27. Let d = 22 + -16. Suppose -d*b + 144 = -0*b. What is the highest common factor of v and b?
12
Let l(o) = 243*o - 1691. Let g be l(7). What is the greatest com